142 + j. Is k a prime number?
False
Let d = 141 - 138. Let y(o) = 58*o**3 + 3*o**2 - o - 1. Is y(d) prime?
False
Suppose -4*s + 55 = 7. Suppose 5*g = -s + 37. Suppose g*t = 202 + 193. Is t composite?
False
Suppose 3*h + 2*r = h + 2902, 5796 = 4*h - 4*r. Suppose 6*o - 2336 = h. Is o prime?
True
Suppose 8*t - 53230 = -2*t. Is t composite?
False
Let p(z) be the first derivative of z - 70*z**2 + 13*z**2 - 36*z**2 + 15*z**2 + 11. Is p(-1) composite?
False
Let m be (-3 + 1 + 2)/(-1). Suppose m = -u + 120 + 299. Is u prime?
True
Let c(x) = 2*x**2 - 17*x + 12. Let d be c(7). Is 4/(-9) + (-15817)/d prime?
False
Suppose 14645 = -14*y + 19*y. Is y a composite number?
True
Let h be ((-2)/(-6))/((-6)/(-288)). Suppose 4*a - 24 = -2*m, -4*a + m + m + h = 0. Suppose 2*o - a = -3*k + 29, 0 = -3*o + 3*k + 21. Is o composite?
False
Let m(c) = -201*c - 121. Is m(-10) composite?
False
Let l = 59 + -59. Suppose l = 7*h - 990 - 2111. Is h a prime number?
True
Let z(h) = 4597*h**2 - 13*h - 17. Is z(-2) prime?
True
Suppose 104*m - 118*m = -903658. Is m composite?
True
Let t(b) = -20*b - 34*b - 64*b - 2 + 33*b. Is t(-3) a composite number?
True
Suppose 6*o - 3*o = -12, b + o - 1653 = 0. Is b a composite number?
False
Is (((-132)/16)/1)/(15/(-2540)) prime?
False
Let g(u) be the second derivative of u**3/2 + 4*u**2 + u. Let i be g(-7). Let l(h) = -h**3 - 14*h**2 - 15*h - 19. Is l(i) a prime number?
True
Suppose 5*a + 17 = -3, -5*y + 4*a = -16. Let i be (y - -1)*(20 + 2). Is 2/3*16467/i a prime number?
True
Let w(i) = 35*i**2 + i - 3. Let j be w(10). Suppose 4*v = v + j. Is v prime?
False
Let f(v) = v**2 + v. Let k(z) = 5*z**2 + 10*z - 6. Let d(i) = -4*f(i) + k(i). Let x(j) = 2*j**2 + 9*j + 3. Let c be x(-5). Is d(c) a prime number?
False
Suppose -3*k - 1351 = 2*j, -k + 3*j - 240 - 225 = 0. Let v = k - -209. Let h = v + 438. Is h a prime number?
False
Suppose -19*b = -9*b - 31630. Is b a prime number?
True
Let r = -22 - -18. Let d be 37*(-3 - (0 + r)). Let g = 54 + d. Is g prime?
False
Let c = 50839 + -6596. Is c a composite number?
True
Suppose -4*a - 1 = -29. Let v be 0/2 - (a + -89). Suppose 0 = h - v - 151. Is h a composite number?
False
Suppose -4*u + 31 = 5*j, 0*j - 5*u = -2*j - 14. Suppose j*b - 12 = -3. Suppose 2*s + o = b*s - 125, s + 5*o = 137. Is s composite?
False
Let h(t) = 19*t**3 - 12*t**2 + 16*t - 39. Is h(8) a prime number?
True
Suppose 0 = -28*l + 33*l - 12185. Is l a composite number?
False
Let m = -23449 - -58550. Is m composite?
True
Let n = 3 - -15. Is (-1 - -3)*3/(n/789) a prime number?
True
Let c(z) = -z**3 + z. Let g(p) = 3*p**3 + 5*p**2 - 9*p + 4. Let m(w) = 4*c(w) + g(w). Let j be m(-5). Let x = -197 + j. Is x prime?
False
Suppose -2*p + a = -2951, 5*p - 2*a = -247 + 7626. Suppose 4849 = 2*b - p. Is b composite?
False
Let p(j) be the first derivative of 7/2*j**2 - 6 + 2*j + 1/3*j**3. Is p(-8) a prime number?
False
Suppose h + 11331 = 2*f, 2*f - h + 2*h - 11321 = 0. Is f a prime number?
False
Suppose p = -4*m + 192 + 414, 3*m = -p + 609. Let c = -364 + p. Is c prime?
False
Suppose -2*y = 5*s - 4502, 3*s - 5*s = y - 1801. Let f = s + -287. Is f a prime number?
True
Let o be (-2)/3 - 14928/(-36). Suppose 0 = 4*n - z - o, 4*z + 107 = n + 2*z. Suppose n = 4*p - 29. Is p a prime number?
False
Let a(z) = 31*z**2 - 3*z + 69. Is a(-8) a prime number?
False
Suppose 0 = -22*c + 24*c - 7634. Is c a composite number?
True
Let p(n) = 13*n**3 + 4*n + 8. Let j(k) = 9*k**3 + 3*k + 5. Let y(c) = -7*j(c) + 5*p(c). Is y(6) prime?
True
Let p be -1219 + 1/2*0. Let g = -777 - p. Suppose 3*z - g = 329. Is z composite?
False
Let o be (-3)/12 - 1083/(-12). Suppose v - o = 41. Is v a prime number?
True
Let y(s) be the first derivative of 4*s**3 - 7*s**2/2 + 11*s - 2. Is y(6) prime?
True
Let i = -4881 + 15124. Is i a composite number?
False
Let n = 6 + -12. Let y be (-4*3)/(n - -4). Suppose -5*i + y = -639. Is i composite?
True
Let s(w) be the first derivative of w**4 - 4*w**3/3 + 2*w**2 - w - 323. Suppose -6 = 2*t - 16. Is s(t) a prime number?
True
Let m(b) = 2*b**3 - b**2 - 2*b + 6. Let f(y) = -y**2 - 1. Let t(s) = 6*f(s) + m(s). Is t(7) prime?
False
Let p = 192 - 143. Suppose -p*r + 46*r = -327. Is r prime?
True
Suppose -5*j + 2*s + 53044 - 12839 = 0, 0 = 5*j + 8*s - 40155. Is j prime?
True
Let o(r) = 4*r - 3. Let y be o(-3). Is (1 - 9/15) + (-8799)/y a prime number?
True
Is (22/(-8))/11 + (-76042)/(-8) prime?
False
Let h = 34 + -30. Suppose 0 = -h*v + 6*v - 662. Is v a prime number?
True
Suppose 41 = 5*d + 6. Let m(w) = 7*w - 2*w + w**3 + w**2 - d - 2*w. Is m(6) a composite number?
False
Let m(r) = r**2 - r - 1. Let w be m(3). Suppose -w*z - 110 + 725 = 0. Is z a composite number?
True
Let i = 42 + 215. Is i a prime number?
True
Let p = 60 + -60. Is (-1 + 219 + p)/((-20)/(-10)) a composite number?
False
Let t = 10536 - -563. Is t a prime number?
False
Suppose 2*u - 6044 = 26*g - 30*g, -g - 2*u + 1505 = 0. Is g a composite number?
True
Let i(v) = -v**3 + 2*v**2 + 4*v - 23. Let g be i(-12). Suppose 5835 = 3*d - z, -d + 7*z = 2*z - g. Is d a prime number?
False
Suppose 5*i + 5 = b, 2*b + i - 11 = -1. Let q be (b/15)/((-1)/(-3918)). Let g = q + -607. Is g composite?
True
Is (81515 + -13)*(-6)/(-12) composite?
False
Let t be 6/(-27) - (-40)/18. Suppose -t*i = -8 - 2. Suppose i*b = a - 80, 4*a + 0*a - 257 = -b. Is a composite?
True
Let g(i) = -i**3 + 25*i**2 - 24*i + 59. Is g(24) composite?
False
Suppose 4*o - 33 = d, 5*o + 4 - 34 = d. Is 18/d - (-5734)/10 composite?
True
Suppose 2*h + 986 = -2*v, -5*h = 3*v + 3312 - 843. Let c be (-1)/(h/(-125) - 4). Is 1/5 - (-8420)/c a composite number?
False
Suppose 16*x = 1715 + 125. Is x composite?
True
Suppose 0 = -2*p - 5*j - 592 + 159, 388 = -2*p + 4*j. Let u = -91 - p. Is u a prime number?
True
Let s be (-3)/(-2) - (-2)/(-32)*8. Let b(j) = 699*j - 8. Is b(s) a prime number?
True
Let j be 2/3*(6 + 0). Suppose -13*x - j = -15*x. Is x composite?
False
Let i(l) = -l + 7. Let w = -20 - -24. Let c be i(w). Suppose -c*o = -o - 118. Is o a composite number?
False
Let k = 50 + -46. Is (6/k)/(21/322) a composite number?
False
Let k = 62 + -53. Suppose 23*d - k*d = 24626. Is d prime?
True
Suppose 0 = 2*i + 4*o + 2204, -3*o - 4418 = 3*i + i. Is (i/(-6))/(-7)*-3 prime?
True
Suppose x - 2*x + 851 = 0. Suppose -c - 17 = -3*t, -2*c + 1 = 4*t + c. Suppose 0 = -t*n + 5*o + 1723, 3*n + o = n + x. Is n a prime number?
False
Let i = 10 + -10. Is 2150 + -1 + i/3 a composite number?
True
Let b be ((-2)/1)/((-12)/78). Let l(j) = 31*j + 46. Is l(b) composite?
False
Suppose x + 4*y + 2551 = 4*x, 2*y = -4*x + 3416. Is x a prime number?
True
Let y = 138 + 156. Suppose w - 538 = y. Let s = w + -503. Is s prime?
False
Suppose -5430 = -5*p + 2505. Suppose -6*k + p + 579 = 0. Is k a composite number?
True
Suppose -6*v + 83963 + 450859 = 0. Is v a composite number?
False
Is (-15600)/(8/(-2)) - (-4)/(-2) composite?
True
Is 31918/(-7*(-16)/56) a composite number?
False
Suppose 3*x - 5 = 4. Let t = 18 - -4. Is (x - (0 - -2))*t prime?
False
Suppose 4*n + 4*q = 36, 2*q - 3 = 3*n - 2*n. Suppose -w = -n*l + 3*w + 96, 88 = 5*l - 2*w. Is (0 + 92/l)*12 a composite number?
True
Let o = 1687 + -1278. Is o a composite number?
False
Let m(o) = -2*o**2 - 8*o + 3. Let w(d) = 5*d**2 + 23*d - 9. Let c(t) = -7*m(t) - 2*w(t). Let i be c(7). Suppose p + 0*p - i = 0. Is p composite?
False
Suppose 3*a - g + 0*g = 5603, a = 2*g + 1876. Let f be a/15 + (-3)/(-5). Is 2/(-8) + f/20 composite?
True
Let n(s) = -3*s**2 + 7*s + 2. Let r(m) = -6*m**2 + 15*m + 3. Let f(z) = -9*n(z) + 5*r(z). Let w be f(10). Let h = 314 + w. Is h composite?
False
Suppose 3*a - 3*b - 12 = 0, 0*b = -3*b - 12. Suppose a*m - 342 = -2*m. Let r = m + -44. Is r a prime number?
True
Let x be 106/4*(45 - -13). Let o = 606 - x. Let t = -578 - o. Is t prime?
True
Suppose d - 285 = 4*p, -12*p + 1325 = 5*d - 7*p. Is d prime?
True
Let v(j) = -5*j**2 + 9*j - 15. Let m(s) = 4*s**2 - 9*s + 14. Let f(n) = -6*m(n) - 5*v(n). Let h be f(-10). Suppose 4*z = 5*g + 575, -g + 0*g = -h. Is z prime?
False
Suppose 23 = 3*a + 8. Suppose 3*q - h = -2*h + 658, 5*q - 1130 = a*h. Suppose 96 = w - q. Is w a prime number?
True
Suppose 5*o - r - 108 = 0, 0 = -5*o + 3*r + 89 + 15. Is o a prime number?
False
Suppose -7*a = -5*s - 2*a + 30, 45 = 4